 6*a**2. Let w be i(7). List the prime factors of w/11 + (-2)/(-11).
2
Suppose 8*n - 9*n + 7 = 0. Suppose -3*c = -n*c + 44. What are the prime factors of c?
11
Suppose 4*j = 4*r - 0*j - 88, 2*j = 5*r - 122. What are the prime factors of r?
2, 13
Let z(w) = w**3 - 6*w**2 + 6*w - 3. Let s be z(5). Suppose -s*m + 12 = -0. Suppose -3*y + 0*y - 2 = -4*k, -4*y + m = -k. What are the prime factors of k?
2
Suppose -2*l - 6 = 2*o, 3*l - 2*l - 5*o = 21. Let y(s) be the third derivative of s**4/8 - 2*s**2. List the prime factors of y(l).
3
Let x(s) be the third derivative of s**4/12 - 2*s**3/3 - s**2. Let t(k) = -k**2 + 13*k - 5. Let b be t(12). List the prime factors of x(b).
2, 5
Let n = 21 - 7. List the prime factors of n.
2, 7
Let j = 17 + 8. List the prime factors of j.
5
Let j(v) = 42*v + 3. What are the prime factors of j(1)?
3, 5
Suppose 5*g + 39 - 9 = 0. Let p(k) = 13*k**2 + 27*k + 33. Let u(t) = -3*t**2 - 7*t - 8. Let o(v) = 2*p(v) + 9*u(v). What are the prime factors of o(g)?
2, 3
Let t(c) = 2*c - c - 4 - c**2 + 0 - 9*c. List the prime factors of t(-6).
2
Suppose 2*o + 4*u = 34 + 128, 80 = o + 3*u. List the prime factors of o.
83
List the prime factors of (-8)/(-12)*93*1.
2, 31
Let d = 0 + 2. Let x(i) = 4*i + 1 - 1 - d. List the prime factors of x(3).
2, 5
Suppose 0 = -2*m + 2*r + 42, 5*m - 4*r - 63 - 45 = 0. What are the prime factors of m?
2, 3
Let a = 17 + -7. Suppose 6 = 3*r - 9. Let v = r + a. List the prime factors of v.
3, 5
Suppose 2*z - 3*z - 4*k = 1, -2*z + 10 = -4*k. Suppose z*h - 32 = -h. What are the prime factors of h?
2
Let x(t) be the first derivative of 3*t**2/2 - 2. Let y be x(2). What are the prime factors of 3/6 + 39/y?
7
Let h = 46 - 6. What are the prime factors of h?
2, 5
Suppose y = -y + 8. Suppose 0 = -y*t + t + 6, -5*u + 5*t + 150 = 0. What are the prime factors of u?
2
Let f(n) = n**3 - 9*n**2 - 8*n - 13. Let r be f(10). Suppose 0 = p + 2*a - r, a = -3*a + 4. Suppose -p = -m + 7. List the prime factors of m.
2, 3
Let z(x) = x**3 + 28. What are the prime factors of z(0)?
2, 7
Let w(y) = y**3 - 3*y**2 + 2. Let z be w(2). What are the prime factors of z/10 - (-483)/15?
2
Let h(a) = -3*a + 2. Let f be h(3). Let d(m) = m**3 + 7*m**2 + 4. Let k be d(f). Suppose -k*x = -0*x - 68. List the prime factors of x.
17
List the prime factors of 374/6 + 4/(-12)*1.
2, 31
Suppose 52 = t + 3*p, 2*t - 196 = -3*t + p. What are the prime factors of t?
2, 5
Suppose 582 = 5*c - 263. List the prime factors of c.
13
Suppose 3*f = f. Let q = f - 0. Let r = 8 + q. What are the prime factors of r?
2
Let x = 26 - -20. What are the prime factors of x?
2, 23
Let i(r) = 2*r**2 - 4*r + 3. List the prime factors of i(3).
3
Let k(q) = 4*q - 7. Let h(a) = -3*a + 6. Let p(g) = -3*h(g) - 2*k(g). Suppose 3*u - 3 = 2*x - 3*x, 4*x + 5*u = 19. What are the prime factors of p(x)?
2
Suppose -2*y - 12 = -3*y. What are the prime factors of y?
2, 3
Let p = 6 + 90. Suppose -16 - 4 = 5*l, p = -4*o - 5*l. Let h = o - -29. List the prime factors of h.
2, 5
Suppose 3*k = -k - 5*i + 125, 5*k - i = 149. Suppose -3*b + k = -81. List the prime factors of b.
37
Suppose -2*g = -g - 19. What are the prime factors of g?
19
Suppose 0*d + 4*g - 4 = -5*d, 3*g - 3 = -2*d. Suppose -2*t + 4*t + 4*w - 18 = 0, 4*t + 5*w - 51 = d. What are the prime factors of t?
19
Suppose -z - 15 = 3*v, -v + z = -2*z - 5. Let d(j) = -j**3 - 3*j**2 - 5*j - 2. List the prime factors of d(v).
2, 17
Suppose 0 = -4*f - j + 308, -2*f + 4*j - 231 = -5*f. List the prime factors of f.
7, 11
Suppose 0 = 5*u + 76 + 99. What are the prime factors of (-570)/u + (-2)/7?
2
Let c = -269 + 382. List the prime factors of c.
113
Suppose 4*o - 184 = -5*p + 48, 0 = -p - 5*o + 38. Let y = p + -34. Let l = y + -3. What are the prime factors of l?
11
Suppose 0 = -5*b + 2*h + 11, 2*b + h = -3*b + 17. Suppose 2*x + 198 = 4*q, q = b*x - x + 45. What are the prime factors of q?
3, 17
Suppose -j + 4*j - 6 = 0. Let g be 42 - (4/j + -5). Suppose 4*b - g = -k, b - 2*k = -5*k + 25. List the prime factors of b.
2, 5
Suppose -4*s + 188 + 984 = 0. What are the prime factors of s?
293
Suppose i = -o + 80, -5*i + o + 0*o + 406 = 0. What are the prime factors of i?
3
Suppose 5*n - 5*k + 15 = -5, 14 = -5*n + 3*k. Let x = 2 - n. Let l = 6 - x. What are the prime factors of l?
3
Let h = 8 - 6. Let u be h + -2 - (2 - 4). Suppose w + u*w - 11 = -z, -z = -3*w + 1. What are the prime factors of z?
5
Let j = -81 + 138. List the prime factors of j.
3, 19
Let r(p) be the first derivative of -7*p**2 + 3*p - 5. Let b(z) = 28*z - 7. Let w(o) = -2*b(o) - 5*r(o). List the prime factors of w(1).
13
Suppose -3*s = v - 4 - 2, 4*s = 4*v - 8. What are the prime factors of v?
3
Let k = 9 - -23. What are the prime factors of k?
2
Let v(m) = 0 + 2 - 4 - 3*m - 5. List the prime factors of v(-7).
2, 7
Let s = -1 + 1. Let j be (4/(-2) - s) + 2. What are the prime factors of -1 - (-5 + 1 + j)?
3
Let k be -4*(-1 + (-3)/(-12)). Suppose a = -l + 12, 3*a = -4*l + 8*a + k. List the prime factors of l.
7
Let m(q) = -q - 1. Let c be m(-1). Let x = c + 13. List the prime factors of x.
13
Let m = -5 - -13. List the prime factors of m.
2
Suppose 5*r + 3 + 13 = 4*m, -4*m = -3*r - 16. Suppose r = -f - 5, j + 9 + 6 = -4*f. Suppose -j = -4*h + 3. List the prime factors of h.
2
Let t be 12/3 - (-1 + 2). Suppose -51 - 27 = -t*k. List the prime factors of k.
2, 13
Suppose 2 = 4*o - 14. Suppose -o*g = -k - 11, -3*k + 3*g = 8*g - 35. List the prime factors of k.
5
Let p(k) = 2*k**2 + k - 1. Let z be p(1). Let j be 3 + 2 + -4 + z. Suppose 5*v - 3*r - 57 = 0, -8*r - 55 = -5*v - j*r. What are the prime factors of v?
2, 3
Let a(s) = -s**2 + s. Let p(g) = -3*g**2 + 11*g - 8. Let d(i) = 4*a(i) - p(i). Let b be 1*12*(-1)/2. List the prime factors of d(b).
2, 7
Let x = -15 + 224. List the prime factors of x.
11, 19
Suppose k = 9*k - 176. List the prime factors of k.
2, 11
Suppose -6*j - 8*j + 2170 = 0. What are the prime factors of j?
5, 31
Let b(m) = -5*m**3 + m**2 - 4*m**3 + 5*m**3. Let s be b(-1). Suppose u - 2*n = 4, -s*u + 6 + 29 = 5*n. What are the prime factors of u?
2, 3
Let k = 41 + -29. Suppose k*h - 90 = 9*h. What are the prime factors of h?
2, 3, 5
Let k(c) = c**2 - 2*c - 10. Let a be k(8). Let w = a - -9. What are the prime factors of w?
47
What are the prime factors of 2*(-213)/(-6) - -4?
3, 5
Suppose -n - 63 = -2*j + 23, -4*j - 4*n = -160. Let p = -23 + j. List the prime factors of p.
19
Let w(g) = -g**3 + 2*g**2 + 2*g - 2. Suppose 3*s + 0*f - 18 = 3*f, 2*s + f = 12. Let l be (3*1)/(9/s). List the prime factors of w(l).
2
Let q = -12 - -20. Suppose 11 = 3*k - 5*g, -2*k + 2*g - 2 = -q. Suppose -d + k + 18 = -5*v, 3 = -v. List the prime factors of d.
5
Suppose 0 = -5*i - 5 - 15. Let q = i + 22. List the prime factors of q.
2, 3
Suppose 4*w - 46 = 5*p, -2*w - 37 = -7*w - 4*p. Let t = w + -2. List the prime factors of t.
7
Suppose 18 = u - 1. List the prime factors of u.
19
Suppose -3 = -3*q - 0*q. Let t(y) be the third derivative of y**5/10 + y**3/6 + y**2. List the prime factors of t(q).
7
Suppose -u - u = -4*z + 334, 0 = -5*z + u + 416. List the prime factors of z.
83
List the prime factors of ((-116)/2)/((-2)/10).
2, 5, 29
Suppose 40 = v + x, 2*x + 182 = 5*v - 2*x. List the prime factors of v.
2, 19
Suppose -16 = -4*v, 247 = 5*q + v - 12. Suppose 5*r + 1 - q = 0. What are the prime factors of r?
2, 5
Let d(k) = k**3 - 19 - 2*k - k**2 + 5*k**2 + 13. Let s be d(-4). Let y(j) = 4*j**2 - 2*j. What are the prime factors of y(s)?
2, 3
Let p = 25 - 17. Let d = p - 5. What are the prime factors of d?
3
Let v(s) be the third derivative of -s**5/60 - s**4/3 + s**3/2 - s**2. Suppose 28 = -2*g - 4*x, -g - 5*x = 4*g + 50. What are the prime factors of v(g)?
3, 5
What are the prime factors of (38/(-3))/(30/(-135))?
3, 19
Let m = -26 + 23. What are the prime factors of (6/(-10))/(m/105)?
3, 7
Let r be (-1 - -1)/(4 - 2). Suppose -5*p = 5, 3*p = 2*t - r*p - 27. Suppose 4*m + t = -0*m, -3*z + 2*m = -33. List the prime factors of z.
3
Suppose -2*v + 3*v = 1. Let i(u) = -22*u - 1. Let l be i(v). Let m = -15 - l. List the prime factors of m.
2
Let d(u) = -3*u**2 - 7*u + 1. Let w(r) = -r**2 - 1. Let y(n) = d(n) - 2*w(n). Suppose -4*l = -5*j + 18, l + 4*j + 22 = -l. List the prime factors of y(